lculate the greatest common divisor of o and 132.
12
Let z = 387 + 13. Suppose 50 + 10 = 12*f. Suppose 3*g = f*g - z. Calculate the highest common factor of g and 40.
40
Let b = -694 + 688. Let r(i) = -i - 1. Let d be r(b). Suppose -4*x + 4*p - 5*p = -103, p - 78 = -3*x. What is the highest common divisor of x and d?
5
Let z = -7 - -14. Let p = -247 - -375. Let l be (4/(-12))/(p/(-42) + 3). What is the highest common factor of z and l?
7
Let r be (-1 - -2)*(((-64610)/10)/(-7) + 12). Calculate the highest common divisor of r and 85.
85
Suppose -3*q - 2*z = -6046, 0 = -42*q + 46*q + 12*z - 8080. Calculate the greatest common divisor of 318 and q.
106
Suppose -2*q + 3*b - 107 = 0, -2*q + 2*b - 109 = -3*b. Let g = q + 51. Let x be (-149 - 4/4)/g - 0. Calculate the greatest common divisor of 100 and x.
50
Let n = 23 - 163. Let z(k) = -k**3 + 7*k**2 - 8*k + 6. Let w be z(6). Let h be (-2)/w - n/12. What is the greatest common factor of h and 8?
4
Let x(z) = -6*z - 5*z**2 - 4*z**2 + 4*z + 8 + 3*z. Let o be x(-4). Let m be (-3 - (1 + 0))/(o/1330). Calculate the highest common factor of m and 95.
19
Let g(f) = f**3 + 20*f**2 + 33*f - 26. Suppose -2*w - 3*y = 30, 0 = 3*w - 4*y + 8*y + 46. Let c be g(w). Calculate the greatest common divisor of 602 and c.
14
Suppose 2 = 17*q - 287. Suppose -q*r - 1800 = -67*r. Suppose f + 4*j - 25 = 13, 0 = -2*f + j + 31. What is the greatest common divisor of f and r?
18
Let o(u) = 34*u - 1544. Let z be o(46). Calculate the greatest common divisor of z and 12860.
20
Suppose u = -p - u + 2, 4*p = -2*u + 38. Suppose -p*n + 6*n = 162. Let b = -23 - n. Calculate the highest common divisor of 1 and b.
1
Suppose -5*n + 80 = -5*g, -55*g + 51*g + 44 = 2*n. What is the greatest common factor of 7164 and n?
18
Suppose -4*u + 5*g = -55, -84*g = -4*u - 86*g + 34. Let w be 33/(-44) - 1006/(-8). What is the highest common divisor of u and w?
5
Let w = 10136 - 9405. Calculate the highest common factor of w and 1978.
43
Let v(w) = -w**3 + 6*w**2 + 6*w + 17. Suppose 4*o - 56 = -4*o. Let t be v(o). Calculate the highest common factor of t and 610.
10
Suppose 9 = -2*u + 33. Let x = 1575 - 2329. Let r be 12/42 - x/7. What is the greatest common divisor of u and r?
12
Let t(r) = r**3 - 11*r**2 + 21*r - 60. Let l be t(18). Calculate the highest common factor of l and 6.
6
Let w be (-1)/8 + 2080/256. Let t be (14 - 8)/(6/56). What is the greatest common divisor of w and t?
8
Let s be (-756)/(-38) + 10*(-12)/(-1140). What is the highest common divisor of 3750 and s?
10
Let x be (-4)/(-18) + (-140)/(-18). Let k be (x/(-24))/((-1)/21). Let w be 14586/418 - ((-108)/(-57) + -2). Calculate the highest common factor of k and w.
7
Let t(g) = -13*g + 33. Let r be t(2). Let x(m) = m**3 - 3*m**2 + 2. Let d be x(3). Calculate the highest common factor of r and d.
1
Let i(s) = s**3 + 7*s**2 - 2*s + 14. Let p be i(-5). Suppose -3*a + 12 = -45. Suppose -a = -5*b + 166. What is the highest common divisor of p and b?
37
Suppose -16*w - 342*w + 12530 = 0. Let k be (-3 + 0)*(-14)/3. What is the highest common factor of w and k?
7
Let z(q) = 53*q**2 + 316*q + 21. Let v be z(-6). What is the highest common divisor of 1375 and v?
11
Let u = 99 + -99. Let b be (u + -2)/((0 - 1)/46). Suppose -2*l = 2*l - 4*f - b, -20 = -4*f. What is the highest common divisor of l and 4?
4
Suppose -3*x + 2210 = 5*z, 220*x - 224*x + 4*z = -2936. What is the highest common divisor of x and 1519?
49
Let k = 107 - 215. Let i = 58 + k. Let l = i - -51. Calculate the highest common divisor of l and 9.
1
Let c = -104 - 105. Let m be ((2/(-2))/((-19)/c))/(-1). Calculate the highest common factor of m and 11.
11
Suppose 5*p = u + 247 + 46, -4*p + 238 = -2*u. What is the highest common factor of 493 and p?
29
Let a = 52 - 56. Let g be 1 + 62/4 + 2/a. Let c be (g/(-6))/(6 - 435/72). Calculate the highest common factor of c and 8.
8
Let b be (-16)/72 - 272/(-9). Suppose -2*c = -28 + 32. Let s be (-1803)/(-12) + c/((-16)/(-2)). Calculate the greatest common divisor of s and b.
30
Suppose -20 = -5*y, 6*d - d = y + 1166. Let x(i) = -2555*i + 28183. Let l be x(11). What is the greatest common factor of l and d?
78
Let k be 330/21 + (-2)/(-7). Suppose -3*r - 3*o + 57 = 0, 2*r = -32*o + 33*o + 53. Calculate the highest common divisor of k and r.
8
Suppose 0 = -84*c + 87*c - 3*m - 2190, -4*c + 2885 = 3*m. Let g = 63 + -34. Calculate the highest common factor of c and g.
29
Let m(z) = -6*z**2 + 17*z - 56. Let c(q) = 5*q**2 - 16*q + 55. Let d(g) = 5*c(g) + 4*m(g). Let v be d(4). Calculate the highest common divisor of 133 and v.
19
Suppose 20*g - 456*g = -76736. Calculate the highest common divisor of g and 1712.
16
Let q = 21 + -33. Let t be ((-1)/3 - 0) + (-196)/q. Let c(b) = 11*b - 200. Let l be c(24). What is the highest common divisor of t and l?
16
Let h be (-12 + (-5 + -4 - -7))/(-1). What is the greatest common divisor of 14 and h?
14
Let w be ((-37)/111)/(1/(-6)). Suppose -485 - 229 = -w*o. Calculate the greatest common divisor of 21 and o.
21
Suppose -s + 2*u = 4, 4*u + 0*u = -2*s + 8. Suppose 5*y + w - 950 = s, -570 = -3*y - 2*w - 2*w. Calculate the greatest common divisor of y and 76.
38
Let b be 1/(-6)*-183*10. Let x be b/25 - 2/10. Suppose l + 4*l + 5*p = 55, -4*p + x = 0. Calculate the greatest common divisor of l and 56.
8
Suppose 0 = -125*b + 127*b - 14, 0 = -4*c - 5*b + 13987. What is the greatest common divisor of c and 144?
16
Suppose -68*o + 70*o + 4*c = 100, 2*c + 16 = 0. What is the highest common factor of 5379 and o?
33
Suppose 3*h - 153 + 42 = 0. Let v = 268 - h. Suppose 34 = -4*p + 118. What is the greatest common divisor of v and p?
21
Let l = -1272 - -2023. Let v = -446 + l. Suppose 4*g + 3*a - 299 = -0*a, 0 = -4*g - a + v. Calculate the greatest common divisor of g and 7.
7
Let b = -421 + 440. Let h(v) = 3*v**2 + 10*v + 9. Suppose 7 - 26 = -s + 5*r, -4 = -s + 2*r. Let o be h(s). Calculate the highest common factor of b and o.
19
Let s(f) be the first derivative of f**3/3 - 12*f + 70. Let b be s(-8). What is the greatest common divisor of 130 and b?
26
Suppose -3*y - 2*c = 299, -y = 2*c + 118 - 25. Let x = -69 + y. Let p = -92 - x. What is the greatest common divisor of p and 40?
40
Let r = -248 - -276. Suppose -r*l + 229 = -695. Calculate the highest common divisor of 11 and l.
11
Let t(k) be the first derivative of 7*k**3/3 - 5*k**2 + 32*k - 9. Let y be t(3). What is the greatest common factor of y and 13?
13
Let n(j) = -23*j**3 + 30*j**2 - 30*j**3 + 12*j + 50*j**3. Let h be n(10). What is the highest common divisor of h and 16?
8
Suppose 3*h - 34 = 2*i - 14, -5*h + 36 = -4*i. Suppose h*p + 5*s - 420 = -0*s, -3*p = -3*s - 288. Calculate the greatest common factor of p and 750.
50
Let m be (-3)/2*60/18. Let n be (3/15 + (-8)/4)*m. What is the highest common factor of n and 3?
3
Let g(z) = 34*z + 302. Let r be g(-5). Calculate the greatest common divisor of 759 and r.
33
Let p be 126 - (-6 - (7 - 7)). What is the highest common divisor of 594 and p?
66
Suppose 5*m = 14*w - 1518, 5*m + 8 - 282 = -2*w. Let t(g) = g + 3. Let v be t(-4). Let k be (8 + v)/(1/2). Calculate the highest common divisor of k and w.
14
Let p(t) = -t**3 - 87*t**2 + 654*t - 152. Let r be p(-94). What is the greatest common factor of 14224 and r?
112
Suppose -5*k = -9*k - 4*j + 52, -2*k - 5*j + 44 = 0. Calculate the greatest common factor of 4137 and k.
7
Suppose 0 = 2*i - 6*n - 9576 - 13500, -2*i - 4*n + 23016 = 0. What is the greatest common divisor of i and 90?
90
Suppose 14*m = -m + 1050. Let z = -61 - -121. Suppose 2*t = 5*t - z. Calculate the highest common divisor of m and t.
10
Let p be (-3)/(-8) - 16515/(-120). Suppose s = 3*a - 1445, 0 = 2*a + 4*s - 318 - 664. Calculate the greatest common divisor of a and p.
69
Let k = 4554 - 4482. Calculate the greatest common divisor of k and 376.
8
Let h(b) = 140*b - 630. Let r be h(5). Calculate the highest common factor of 315 and r.
35
Suppose -3*a + a = -3*z - 60, 84 = 3*a - 3*z. Let w = 32 + 22. Calculate the greatest common divisor of w and a.
6
Suppose 0*n + 3*n + 18 = -3*d, -2*n + 12 = -4*d. Let m be 80/(-16)*(2*-1 + n). Let s be 170*5*2/m. Calculate the highest common divisor of 17 and s.
17
Let k be -10 - -14 - (0 - (2 - 4)). Calculate the gre